s of y.
2, 3
Let u be 3/(-5) - 10/25. List the prime factors of 6/(-2) + (-6)/u.
3
Suppose 5*m - 2*m = 36. Suppose 4 = 4*a - m. What are the prime factors of a?
2
Let i(s) = -2*s + 3. Let h be i(-6). Let j(q) = -q**3 + q + 6. Let n be j(0). List the prime factors of (5 - 0)*n/h.
2
Let k = -4 + 13. Let y(g) = -g + 21. What are the prime factors of y(k)?
2, 3
Suppose h + 0 = 4. Let z = 4 - h. Suppose 0 = m - 10 - z. List the prime factors of m.
2, 5
Let n(o) = 3*o - 8. Suppose -7*r = -5*r - 12. What are the prime factors of n(r)?
2, 5
Suppose -3*q - 15 = 0, 4*j = -0*j - 3*q + 1. List the prime factors of 1/2 + 22/j.
2, 3
Suppose -2*l + 4 = -2*u + 464, u - 4*l - 218 = 0. What are the prime factors of u?
2, 3, 13
Suppose 5*i - 2*k + 6*k + 3 = 0, 2*i - 5*k = -21. Let b(a) = a**2 - 4*a - 2. List the prime factors of b(i).
19
Let g be (4/(-14))/((-1)/7). Suppose -15 = -g*l - 3*l. Suppose 20 = 5*t - l*k, -5*t = -2*k + 4*k - 20. List the prime factors of t.
2
Suppose -4*v + 5*j + 41 = 0, 11 + 5 = -v - 4*j. Suppose 0 = -i + 15 - v. List the prime factors of i.
11
Let u = -49 - -75. What are the prime factors of u?
2, 13
Suppose 2*o + 55 = 7*o. Let j = o + -1. What are the prime factors of j?
2, 5
List the prime factors of (-199)/(-3) + ((-40)/12 - -4).
67
Let z = 4 + -24. List the prime factors of 10/4*z/(-25).
2
Let s = 1 + 7. Suppose -q + 3*t = -s - 9, 3*q - 26 = 4*t. Suppose -2*x = 5*d + q*x - 88, -69 = -3*d + 3*x. List the prime factors of d.
2, 5
Suppose 4*h - 25 = -h. Suppose 0*b - 4*b + 33 = 3*s, h*s - 13 = -2*b. Let a = -4 + b. What are the prime factors of a?
5
Suppose -k - 45 = -2*d, d - 1 - 5 = -5*k. Suppose -2*l - 18 = -x - x, -4*x + 54 = 5*l. Let a = d - x. What are the prime factors of a?
2, 5
Let o(a) be the third derivative of a**4/12 - 7*a**3/3 + 5*a**2. List the prime factors of o(10).
2, 3
Let b = -6 - -11. Suppose b*c - 106 = -6. List the prime factors of c.
2, 5
Let x = -1 + 0. Let r = x - -1. Suppose 4*m - 10 - 10 = r. What are the prime factors of m?
5
Suppose 17 - 50 = 3*h. Let k(t) = -t**3 - 11*t**2 + 2*t + 16. Let z be k(h). List the prime factors of (-1)/(1*1/z).
2, 3
Suppose -y + 160 = -0*c - 3*c, -3*y + 4*c + 485 = 0. List the prime factors of y.
163
Let l be 2/(-7) - 107/(-7). Suppose 2*p + l = k, -5 = 2*k + p + 2*p. Suppose s - k*s = -24. What are the prime factors of s?
2, 3
What are the prime factors of (-7 + 3)/(4/(-24))?
2, 3
Let b(s) = -s + 2 - 7*s + 6*s + s**2. Let t be b(2). Suppose 0 = -2*u + 3*x + 27, 0 = t*u + 2*u - 4*x - 48. What are the prime factors of u?
3
Let l(s) = -5*s**3 + 33*s**2 - 11*s + 9. Let h(z) = -z**3 + 8*z**2 - 3*z + 2. Let m(u) = 9*h(u) - 2*l(u). List the prime factors of m(-6).
2, 3, 5
Suppose -2*g - 3*v + v = -102, 5*v = -3*g + 151. What are the prime factors of g?
2, 13
Suppose -2*m = -0*m - 18. List the prime factors of 6/m*(3 - 0).
2
Let a(d) = -3*d - 8. Let m be a(-8). Suppose 2*g - m = -5*y, 5*g + 3*y + 4 = 25. List the prime factors of g/2*56/12.
7
Let c(t) = -5 + 4 + 2 - t. Suppose -6 = 4*v + 6. What are the prime factors of c(v)?
2
Suppose 5*h - 1708 = -2*h. List the prime factors of h.
2, 61
Suppose 0 = 2*f - 4*b - 4, 4*f + 0*b - 8 = -b. Suppose -12 = -q + 5*o, -f*q - 3*o = -4*o - 51. List the prime factors of q.
3
Let f(t) be the second derivative of t**5/20 - 5*t**4/6 + t**3 - 5*t**2 - 8*t. What are the prime factors of f(10)?
2, 5
Suppose 0 = k - 0*k - 15. Suppose 10 = -o + 4*b, b - 20 - k = -3*o. List the prime factors of o.
2, 5
Suppose -5*d + 30 = 130. Let r = d - -49. What are the prime factors of r?
29
Suppose 2*l - 18 = -2. List the prime factors of l.
2
Suppose -j + 10*j = 567. What are the prime factors of j?
3, 7
Let y(h) = -h**3 - 9*h**2 - 4*h + 8. What are the prime factors of y(-9)?
2, 11
What are the prime factors of (-9 - -4)/((-5)/6)?
2, 3
Let g(q) = 4*q + 1. Let r be ((-3)/6)/(4/(-40)). What are the prime factors of g(r)?
3, 7
Let u be ((-24)/10)/((-12)/(-210)). Let x = -24 - u. What are the prime factors of x?
2, 3
Suppose 4*t - 126 = 2*k, -4*t - 51 + 198 = 5*k. Suppose 5*i = 2*c + t, c = -c - 8. List the prime factors of (2/i)/(1/5).
2
Let z(r) = -r**3 + 6*r**2 + 7*r + 2. Let q be z(7). Let k be (1 + 0)/(1/31). Suppose -g + 6*g = -j + 100, k = g - q*j. What are the prime factors of g?
3, 7
Let u = 11 + 3. What are the prime factors of u?
2, 7
Let s(z) = 16*z**3 - 2*z**2 + 1. Let q be s(1). Let p = -4 - -5. Suppose q = -5*v, -p = -g + v + 12. List the prime factors of g.
2, 5
Suppose w = 4*k + 41, 4*k + 38 = -5*w + 3*w. What are the prime factors of k/(-4)*42/5?
3, 7
Suppose -3*c = -c - 12. What are the prime factors of 0 + (c - 0/(-3))?
2, 3
Let r(b) = b**3 - b. Let u be r(0). Let k = u + 0. Suppose -5*s - t = -37, 0 = -s - k*t - 3*t - 1. What are the prime factors of s?
2
Suppose -b - 88 = 3*b. Let m be 2/(-4) - b/4. Let t = m - 3. What are the prime factors of t?
2
Suppose -4*q + 549 = 5*q. What are the prime factors of q?
61
Let z(j) = -43*j**3 + j**2. Let b be z(-1). Suppose b = -0*o + o. Suppose 0*t + 4*t = o. What are the prime factors of t?
11
Suppose -5*d + 40 = -0*d. Suppose d*c = 7*c + 40. List the prime factors of c.
2, 5
Let b(a) = a**2 + 4*a - 4. Suppose 0 = 4*o + 28 - 8. Let s be b(o). Suppose -4*l = -3*n + 46, 0 = n + 3*l + s + 1. What are the prime factors of n?
2, 5
Let a = 26 - 27. List the prime factors of a - 0 - (-5 - -1).
3
Suppose -q - i = -86, -4*q + 326 = -10*i + 5*i. List the prime factors of q.
2, 3, 7
Let j(p) = 8*p**3 - 2*p**2 + p - 6. What are the prime factors of j(2)?
2, 13
Let t(g) = g + 15. List the prime factors of t(13).
2, 7
Suppose -155 = a - 6*a. What are the prime factors of a?
31
Let p(a) = -a**3 + 4*a**2 - 3*a + 2. Let v(b) = -2*b - 8. Let l be v(-6). Let n be p(l). Let w = 17 + n. List the prime factors of w.
7
Let p(z) = z + 15. Let w be p(-12). Suppose -6*i + w*i - 34 = -u, 0 = 2*u + 2*i - 84. List the prime factors of u.
2, 5
Let q = -5 + 7. Let h be ((-2)/(-2) - 1)/q. Suppose -2*t + 8 = -h*t. List the prime factors of t.
2
Let j(w) = w**3 + 2*w + 7. Let h be j(3). Suppose 0 = -2*b + 58 + h. What are the prime factors of b?
7
Suppose -3*t = -5*y + 708, -3*y = -0*y + 4*t - 419. What are the prime factors of y?
3, 47
Let t be 15*(-1)/((-1)/2). Suppose -4*m + t = -2*m + 2*u, 3*u = 5*m - 51. What are the prime factors of m?
2, 3
Suppose 0*r + 2*r = 0. Suppose 0 = -2*q - r + 4. Suppose -24 = -q*a - a. What are the prime factors of a?
2
Suppose -2 = 4*p - 2*l - 24, -4*p - 3*l = 3. What are the prime factors of p?
3
Let h(w) = w**3 + 6*w**2 - 4*w - 4. Let k be h(-6). List the prime factors of (3 - (-1 + 4)) + k.
2, 5
List the prime factors of (-180)/(-4 + 15/5).
2, 3, 5
Suppose k - 15 = -3*v, 2*v + 2*v - 27 = k. Let i = v - 18. Let z = -1 - i. List the prime factors of z.
11
Let q = -11 - -26. Let n(v) = v**2 - 11*v + 13. Let g be n(10). Suppose 2*p + 16 = 4*a, 2*a + 4*p - q - g = 0. What are the prime factors of a?
5
Let p = -5 + 3. Let u be ((-18)/10)/(p/10). What are the prime factors of (-2)/(-3) + 30/u?
2
Suppose -51 - 114 = -5*g. What are the prime factors of g?
3, 11
Suppose -94 = -2*a + 62. List the prime factors of a.
2, 3, 13
Let v = 9 + 2. Let c = 8 - v. Let d(x) = x**3 + 5*x**2 + 4*x - 1. What are the prime factors of d(c)?
5
Suppose 0 = n + 4*z - 264, -n + 2*z = -287 + 53. What are the prime factors of n?
2, 61
Let q be 1*(-3 + (8 - 3)). Suppose 15 = q*z - 29. What are the prime factors of z?
2, 11
Let t(q) = -q**2 + 5*q - 2. Let l be t(4). List the prime factors of 2/(-2) + 20/l.
3
Suppose -4*t + 3*t = 2*x, -x + 2*t = 0. Suppose -4*m - m + 75 = x. List the prime factors of m.
3, 5
Let p = 2 + -5. Let r be (-9)/(-9) + (1 - p). Let j(g) = g - 1. What are the prime factors of j(r)?
2
Let k(l) = 6*l**2 + 4 - l**2 + 3*l - 6 + 3. Let x be k(-2). Suppose -x = 6*v - 7*v. List the prime factors of v.
3, 5
Suppose 0 = -5*y + 645 + 360. What are the prime factors of y?
3, 67
Suppose 20 - 5 = 5*n. Suppose 2*d - n*d + 18 = 0. List the prime factors of d.
2, 3
Suppose -2*t + 7 = -0*u + u, 2*t = 2*u - 14. Let f(y) = 4*y - 2. What are the prime factors of f(u)?
2, 13
Suppose 5*i - 42 - 68 = 0. What are the prime factors of i?
2, 11
Let k be ((-2)/2)/((-2)/12). Let r = k - 4. List the prime factors of 5*r - (-6 + 5).
11
Let